{"id":2032,"date":"2025-12-08T15:47:46","date_gmt":"2025-12-08T18:47:46","guid":{"rendered":"https:\/\/netdiario.com.br\/classificados\/imoveis\/vem-morar-em-teresopolis-apartamento-de-2-quartos-no-centro-da-cidade-com-vista-para-a-serra-dos-orgaos\/"},"modified":"2025-12-08T15:47:46","modified_gmt":"2025-12-08T18:47:46","slug":"vem-morar-em-teresopolis-apartamento-de-2-quartos-no-centro-da-cidade-com-vista-para-a-serra-dos-orgaos","status":"publish","type":"imoveis","link":"https:\/\/netdiario.com.br\/classificados\/imoveis\/vem-morar-em-teresopolis-apartamento-de-2-quartos-no-centro-da-cidade-com-vista-para-a-serra-dos-orgaos\/","title":{"rendered":"Vem morar em Teres\u00f3polis! Apartamento de 2 quartos no Centro da Cidade com vista para a Serra dos \u00d3rg\u00e3os"},"content":{"rendered":"<p>Cansado do tr\u00e2nsito do dia a dia e deseja otimizar seu tempo, morando no Centro da Cidade, em uma unidade espa\u00e7osa e com bastante potencial? Este \u00e9 o apartamento ideal para voc\u00ea! S\u00e3o 2 quartos, uma boa sala, cozinha e \u00e1rea de servi\u00e7o com banheiro auxiliar em pr\u00e9dio localizado na rua Duque de Caxias: Com vista para a Serra dos \u00d3rg\u00e3os e pr\u00f3ximo a shoppings, bancos, restaurantes, farm\u00e1cias, escolas e tudo o que o Centro de Teres\u00f3polis tem de melhor para te oferecer!<\/p>\n<p>Pr\u00e9dio possui portaria e interfone, n\u00e3o possui elevador.<\/p>\n","protected":false},"featured_media":2025,"parent":0,"template":"","tipo-de-imovel":[32],"finalidade":[38],"class_list":["post-2032","imoveis","type-imoveis","status-publish","has-post-thumbnail","hentry","tipo-de-imovel-apartamentos","finalidade-venda"],"yoast_head":"<!-- This site is optimized with the Yoast SEO plugin v25.9 - https:\/\/yoast.com\/wordpress\/plugins\/seo\/ -->\n<title>Vem morar em Teres\u00f3polis! Apartamento de 2 quartos no Centro da Cidade com vista para a Serra dos \u00d3rg\u00e3os - Classificados<\/title>\n<meta name=\"robots\" content=\"index, follow, max-snippet:-1, max-image-preview:large, max-video-preview:-1\" \/>\n<link rel=\"canonical\" href=\"https:\/\/netdiario.com.br\/classificados\/imoveis\/vem-morar-em-teresopolis-apartamento-de-2-quartos-no-centro-da-cidade-com-vista-para-a-serra-dos-orgaos\/\" \/>\n<meta property=\"og:locale\" content=\"pt_BR\" \/>\n<meta property=\"og:type\" content=\"article\" \/>\n<meta property=\"og:title\" content=\"Vem morar em Teres\u00f3polis! Apartamento de 2 quartos no Centro da Cidade com vista para a Serra dos \u00d3rg\u00e3os - Classificados\" \/>\n<meta property=\"og:description\" content=\"Cansado do tr\u00e2nsito do dia a dia e deseja otimizar seu tempo, morando no Centro da Cidade, em uma unidade espa\u00e7osa e com bastante potencial? Este \u00e9 o apartamento ideal para voc\u00ea! S\u00e3o 2 quartos, uma boa sala, cozinha e \u00e1rea de servi\u00e7o com banheiro auxiliar em pr\u00e9dio localizado na rua Duque de Caxias: Com [&hellip;]\" \/>\n<meta property=\"og:url\" content=\"https:\/\/netdiario.com.br\/classificados\/imoveis\/vem-morar-em-teresopolis-apartamento-de-2-quartos-no-centro-da-cidade-com-vista-para-a-serra-dos-orgaos\/\" \/>\n<meta property=\"og:site_name\" content=\"Classificados\" \/>\n<meta property=\"og:image\" content=\"https:\/\/netdiario.com.br\/classificados\/wp-content\/uploads\/jet-engine-forms\/14\/2025\/12\/sala-1-cm.jpg\" \/>\n\t<meta property=\"og:image:width\" content=\"1575\" \/>\n\t<meta property=\"og:image:height\" content=\"708\" \/>\n\t<meta property=\"og:image:type\" content=\"image\/jpeg\" \/>\n<meta name=\"twitter:card\" content=\"summary_large_image\" \/>\n<meta name=\"twitter:label1\" content=\"Est. tempo de leitura\" \/>\n\t<meta name=\"twitter:data1\" content=\"1 minuto\" \/>\n<script type=\"application\/ld+json\" class=\"yoast-schema-graph\">{\"@context\":\"https:\/\/schema.org\",\"@graph\":[{\"@type\":\"WebPage\",\"@id\":\"https:\/\/netdiario.com.br\/classificados\/imoveis\/vem-morar-em-teresopolis-apartamento-de-2-quartos-no-centro-da-cidade-com-vista-para-a-serra-dos-orgaos\/\",\"url\":\"https:\/\/netdiario.com.br\/classificados\/imoveis\/vem-morar-em-teresopolis-apartamento-de-2-quartos-no-centro-da-cidade-com-vista-para-a-serra-dos-orgaos\/\",\"name\":\"Vem morar em Teres\u00f3polis! Apartamento de 2 quartos no Centro da Cidade com vista para a Serra dos \u00d3rg\u00e3os - Classificados\",\"isPartOf\":{\"@id\":\"https:\/\/netdiario.com.br\/classificados\/#website\"},\"primaryImageOfPage\":{\"@id\":\"https:\/\/netdiario.com.br\/classificados\/imoveis\/vem-morar-em-teresopolis-apartamento-de-2-quartos-no-centro-da-cidade-com-vista-para-a-serra-dos-orgaos\/#primaryimage\"},\"image\":{\"@id\":\"https:\/\/netdiario.com.br\/classificados\/imoveis\/vem-morar-em-teresopolis-apartamento-de-2-quartos-no-centro-da-cidade-com-vista-para-a-serra-dos-orgaos\/#primaryimage\"},\"thumbnailUrl\":\"https:\/\/netdiario.com.br\/classificados\/wp-content\/uploads\/jet-engine-forms\/14\/2025\/12\/sala-1-cm.jpg\",\"datePublished\":\"2025-12-08T18:47:46+00:00\",\"breadcrumb\":{\"@id\":\"https:\/\/netdiario.com.br\/classificados\/imoveis\/vem-morar-em-teresopolis-apartamento-de-2-quartos-no-centro-da-cidade-com-vista-para-a-serra-dos-orgaos\/#breadcrumb\"},\"inLanguage\":\"pt-BR\",\"potentialAction\":[{\"@type\":\"ReadAction\",\"target\":[\"https:\/\/netdiario.com.br\/classificados\/imoveis\/vem-morar-em-teresopolis-apartamento-de-2-quartos-no-centro-da-cidade-com-vista-para-a-serra-dos-orgaos\/\"]}]},{\"@type\":\"ImageObject\",\"inLanguage\":\"pt-BR\",\"@id\":\"https:\/\/netdiario.com.br\/classificados\/imoveis\/vem-morar-em-teresopolis-apartamento-de-2-quartos-no-centro-da-cidade-com-vista-para-a-serra-dos-orgaos\/#primaryimage\",\"url\":\"https:\/\/netdiario.com.br\/classificados\/wp-content\/uploads\/jet-engine-forms\/14\/2025\/12\/sala-1-cm.jpg\",\"contentUrl\":\"https:\/\/netdiario.com.br\/classificados\/wp-content\/uploads\/jet-engine-forms\/14\/2025\/12\/sala-1-cm.jpg\",\"width\":1575,\"height\":708},{\"@type\":\"BreadcrumbList\",\"@id\":\"https:\/\/netdiario.com.br\/classificados\/imoveis\/vem-morar-em-teresopolis-apartamento-de-2-quartos-no-centro-da-cidade-com-vista-para-a-serra-dos-orgaos\/#breadcrumb\",\"itemListElement\":[{\"@type\":\"ListItem\",\"position\":1,\"name\":\"In\u00edcio\",\"item\":\"https:\/\/netdiario.com.br\/classificados\/\"},{\"@type\":\"ListItem\",\"position\":2,\"name\":\"Im\u00f3veis\",\"item\":\"https:\/\/netdiario.com.br\/classificados\/imoveis\/\"},{\"@type\":\"ListItem\",\"position\":3,\"name\":\"Vem morar em Teres\u00f3polis! Apartamento de 2 quartos no Centro da Cidade com vista para a Serra dos \u00d3rg\u00e3os\"}]},{\"@type\":\"WebSite\",\"@id\":\"https:\/\/netdiario.com.br\/classificados\/#website\",\"url\":\"https:\/\/netdiario.com.br\/classificados\/\",\"name\":\"Classificados Di\u00e1rio\",\"description\":\"\",\"publisher\":{\"@id\":\"https:\/\/netdiario.com.br\/classificados\/#organization\"},\"potentialAction\":[{\"@type\":\"SearchAction\",\"target\":{\"@type\":\"EntryPoint\",\"urlTemplate\":\"https:\/\/netdiario.com.br\/classificados\/?s={search_term_string}\"},\"query-input\":{\"@type\":\"PropertyValueSpecification\",\"valueRequired\":true,\"valueName\":\"search_term_string\"}}],\"inLanguage\":\"pt-BR\"},{\"@type\":\"Organization\",\"@id\":\"https:\/\/netdiario.com.br\/classificados\/#organization\",\"name\":\"Classificados\",\"url\":\"https:\/\/netdiario.com.br\/classificados\/\",\"logo\":{\"@type\":\"ImageObject\",\"inLanguage\":\"pt-BR\",\"@id\":\"https:\/\/netdiario.com.br\/classificados\/#\/schema\/logo\/image\/\",\"url\":\"https:\/\/netdiario.com.br\/classificados\/wp-content\/uploads\/2025\/09\/diario-classificados.jpg\",\"contentUrl\":\"https:\/\/netdiario.com.br\/classificados\/wp-content\/uploads\/2025\/09\/diario-classificados.jpg\",\"width\":458,\"height\":458,\"caption\":\"Classificados\"},\"image\":{\"@id\":\"https:\/\/netdiario.com.br\/classificados\/#\/schema\/logo\/image\/\"}}]}<\/script>\n<!-- \/ Yoast SEO plugin. -->","yoast_head_json":{"title":"Vem morar em Teres\u00f3polis! Apartamento de 2 quartos no Centro da Cidade com vista para a Serra dos \u00d3rg\u00e3os - Classificados","robots":{"index":"index","follow":"follow","max-snippet":"max-snippet:-1","max-image-preview":"max-image-preview:large","max-video-preview":"max-video-preview:-1"},"canonical":"https:\/\/netdiario.com.br\/classificados\/imoveis\/vem-morar-em-teresopolis-apartamento-de-2-quartos-no-centro-da-cidade-com-vista-para-a-serra-dos-orgaos\/","og_locale":"pt_BR","og_type":"article","og_title":"Vem morar em Teres\u00f3polis! Apartamento de 2 quartos no Centro da Cidade com vista para a Serra dos \u00d3rg\u00e3os - Classificados","og_description":"Cansado do tr\u00e2nsito do dia a dia e deseja otimizar seu tempo, morando no Centro da Cidade, em uma unidade espa\u00e7osa e com bastante potencial? Este \u00e9 o apartamento ideal para voc\u00ea! S\u00e3o 2 quartos, uma boa sala, cozinha e \u00e1rea de servi\u00e7o com banheiro auxiliar em pr\u00e9dio localizado na rua Duque de Caxias: Com [&hellip;]","og_url":"https:\/\/netdiario.com.br\/classificados\/imoveis\/vem-morar-em-teresopolis-apartamento-de-2-quartos-no-centro-da-cidade-com-vista-para-a-serra-dos-orgaos\/","og_site_name":"Classificados","og_image":[{"width":1575,"height":708,"url":"https:\/\/netdiario.com.br\/classificados\/wp-content\/uploads\/jet-engine-forms\/14\/2025\/12\/sala-1-cm.jpg","type":"image\/jpeg"}],"twitter_card":"summary_large_image","twitter_misc":{"Est. tempo de leitura":"1 minuto"},"schema":{"@context":"https:\/\/schema.org","@graph":[{"@type":"WebPage","@id":"https:\/\/netdiario.com.br\/classificados\/imoveis\/vem-morar-em-teresopolis-apartamento-de-2-quartos-no-centro-da-cidade-com-vista-para-a-serra-dos-orgaos\/","url":"https:\/\/netdiario.com.br\/classificados\/imoveis\/vem-morar-em-teresopolis-apartamento-de-2-quartos-no-centro-da-cidade-com-vista-para-a-serra-dos-orgaos\/","name":"Vem morar em Teres\u00f3polis! Apartamento de 2 quartos no Centro da Cidade com vista para a Serra dos \u00d3rg\u00e3os - Classificados","isPartOf":{"@id":"https:\/\/netdiario.com.br\/classificados\/#website"},"primaryImageOfPage":{"@id":"https:\/\/netdiario.com.br\/classificados\/imoveis\/vem-morar-em-teresopolis-apartamento-de-2-quartos-no-centro-da-cidade-com-vista-para-a-serra-dos-orgaos\/#primaryimage"},"image":{"@id":"https:\/\/netdiario.com.br\/classificados\/imoveis\/vem-morar-em-teresopolis-apartamento-de-2-quartos-no-centro-da-cidade-com-vista-para-a-serra-dos-orgaos\/#primaryimage"},"thumbnailUrl":"https:\/\/netdiario.com.br\/classificados\/wp-content\/uploads\/jet-engine-forms\/14\/2025\/12\/sala-1-cm.jpg","datePublished":"2025-12-08T18:47:46+00:00","breadcrumb":{"@id":"https:\/\/netdiario.com.br\/classificados\/imoveis\/vem-morar-em-teresopolis-apartamento-de-2-quartos-no-centro-da-cidade-com-vista-para-a-serra-dos-orgaos\/#breadcrumb"},"inLanguage":"pt-BR","potentialAction":[{"@type":"ReadAction","target":["https:\/\/netdiario.com.br\/classificados\/imoveis\/vem-morar-em-teresopolis-apartamento-de-2-quartos-no-centro-da-cidade-com-vista-para-a-serra-dos-orgaos\/"]}]},{"@type":"ImageObject","inLanguage":"pt-BR","@id":"https:\/\/netdiario.com.br\/classificados\/imoveis\/vem-morar-em-teresopolis-apartamento-de-2-quartos-no-centro-da-cidade-com-vista-para-a-serra-dos-orgaos\/#primaryimage","url":"https:\/\/netdiario.com.br\/classificados\/wp-content\/uploads\/jet-engine-forms\/14\/2025\/12\/sala-1-cm.jpg","contentUrl":"https:\/\/netdiario.com.br\/classificados\/wp-content\/uploads\/jet-engine-forms\/14\/2025\/12\/sala-1-cm.jpg","width":1575,"height":708},{"@type":"BreadcrumbList","@id":"https:\/\/netdiario.com.br\/classificados\/imoveis\/vem-morar-em-teresopolis-apartamento-de-2-quartos-no-centro-da-cidade-com-vista-para-a-serra-dos-orgaos\/#breadcrumb","itemListElement":[{"@type":"ListItem","position":1,"name":"In\u00edcio","item":"https:\/\/netdiario.com.br\/classificados\/"},{"@type":"ListItem","position":2,"name":"Im\u00f3veis","item":"https:\/\/netdiario.com.br\/classificados\/imoveis\/"},{"@type":"ListItem","position":3,"name":"Vem morar em Teres\u00f3polis! Apartamento de 2 quartos no Centro da Cidade com vista para a Serra dos \u00d3rg\u00e3os"}]},{"@type":"WebSite","@id":"https:\/\/netdiario.com.br\/classificados\/#website","url":"https:\/\/netdiario.com.br\/classificados\/","name":"Classificados Di\u00e1rio","description":"","publisher":{"@id":"https:\/\/netdiario.com.br\/classificados\/#organization"},"potentialAction":[{"@type":"SearchAction","target":{"@type":"EntryPoint","urlTemplate":"https:\/\/netdiario.com.br\/classificados\/?s={search_term_string}"},"query-input":{"@type":"PropertyValueSpecification","valueRequired":true,"valueName":"search_term_string"}}],"inLanguage":"pt-BR"},{"@type":"Organization","@id":"https:\/\/netdiario.com.br\/classificados\/#organization","name":"Classificados","url":"https:\/\/netdiario.com.br\/classificados\/","logo":{"@type":"ImageObject","inLanguage":"pt-BR","@id":"https:\/\/netdiario.com.br\/classificados\/#\/schema\/logo\/image\/","url":"https:\/\/netdiario.com.br\/classificados\/wp-content\/uploads\/2025\/09\/diario-classificados.jpg","contentUrl":"https:\/\/netdiario.com.br\/classificados\/wp-content\/uploads\/2025\/09\/diario-classificados.jpg","width":458,"height":458,"caption":"Classificados"},"image":{"@id":"https:\/\/netdiario.com.br\/classificados\/#\/schema\/logo\/image\/"}}]}},"_links":{"self":[{"href":"https:\/\/netdiario.com.br\/classificados\/wp-json\/wp\/v2\/imoveis\/2032","targetHints":{"allow":["GET"]}}],"collection":[{"href":"https:\/\/netdiario.com.br\/classificados\/wp-json\/wp\/v2\/imoveis"}],"about":[{"href":"https:\/\/netdiario.com.br\/classificados\/wp-json\/wp\/v2\/types\/imoveis"}],"wp:featuredmedia":[{"embeddable":true,"href":"https:\/\/netdiario.com.br\/classificados\/wp-json\/wp\/v2\/media\/2025"}],"wp:attachment":[{"href":"https:\/\/netdiario.com.br\/classificados\/wp-json\/wp\/v2\/media?parent=2032"}],"wp:term":[{"taxonomy":"tipo-de-imovel","embeddable":true,"href":"https:\/\/netdiario.com.br\/classificados\/wp-json\/wp\/v2\/tipo-de-imovel?post=2032"},{"taxonomy":"finalidade","embeddable":true,"href":"https:\/\/netdiario.com.br\/classificados\/wp-json\/wp\/v2\/finalidade?post=2032"}],"curies":[{"name":"wp","href":"https:\/\/api.w.org\/{rel}","templated":true}]}}

Vem morar em Teresópolis! Apartamento de 2 quartos no Centro da Cidade com vista para a Serra dos Órgãos

<p>Cansado do trânsito do dia a dia e deseja otimizar seu tempo, morando no Centro da Cidade, em uma unidade espaçosa e com bastante potencial? Este é o apartamento ideal para você! São 2 quartos, uma boa sala, cozinha e área de serviço com banheiro auxiliar em prédio localizado na rua Duque de Caxias: Com vista para a Serra dos Órgãos e próximo a shoppings, bancos, restaurantes, farmácias, escolas e tudo o que o Centro de Teresópolis tem de melhor para te oferecer!</p>
<p>Prédio possui portaria e interfone, não possui elevador.</p>

<!-- This site is optimized with the Yoast SEO plugin v25.9 - https://yoast.com/wordpress/plugins/seo/ -->
<title>Vem morar em Teresópolis! Apartamento de 2 quartos no Centro da Cidade com vista para a Serra dos Órgãos - Classificados</title>
<meta name="robots" content="index, follow, max-snippet:-1, max-image-preview:large, max-video-preview:-1" />
<link rel="canonical" href="https://netdiario.com.br/classificados/imoveis/vem-morar-em-teresopolis-apartamento-de-2-quartos-no-centro-da-cidade-com-vista-para-a-serra-dos-orgaos/" />
<meta property="og:locale" content="pt_BR" />
<meta property="og:type" content="article" />
<meta property="og:title" content="Vem morar em Teresópolis! Apartamento de 2 quartos no Centro da Cidade com vista para a Serra dos Órgãos - Classificados" />
<meta property="og:description" content="Cansado do trânsito do dia a dia e deseja otimizar seu tempo, morando no Centro da Cidade, em uma unidade espaçosa e com bastante potencial? Este é o apartamento ideal para você! São 2 quartos, uma boa sala, cozinha e área de serviço com banheiro auxiliar em prédio localizado na rua Duque de Caxias: Com [&hellip;]" />
<meta property="og:url" content="https://netdiario.com.br/classificados/imoveis/vem-morar-em-teresopolis-apartamento-de-2-quartos-no-centro-da-cidade-com-vista-para-a-serra-dos-orgaos/" />
<meta property="og:site_name" content="Classificados" />
<meta property="og:image" content="https://netdiario.com.br/classificados/wp-content/uploads/jet-engine-forms/14/2025/12/sala-1-cm.jpg" />
	<meta property="og:image:width" content="1575" />
	<meta property="og:image:height" content="708" />
	<meta property="og:image:type" content="image/jpeg" />
<meta name="twitter:card" content="summary_large_image" />
<meta name="twitter:label1" content="Est. tempo de leitura" />
	<meta name="twitter:data1" content="1 minuto" />
<script type="application/ld+json" class="yoast-schema-graph">{"@context":"https://schema.org","@graph":[{"@type":"WebPage","@id":"https://netdiario.com.br/classificados/imoveis/vem-morar-em-teresopolis-apartamento-de-2-quartos-no-centro-da-cidade-com-vista-para-a-serra-dos-orgaos/","url":"https://netdiario.com.br/classificados/imoveis/vem-morar-em-teresopolis-apartamento-de-2-quartos-no-centro-da-cidade-com-vista-para-a-serra-dos-orgaos/","name":"Vem morar em Teresópolis! Apartamento de 2 quartos no Centro da Cidade com vista para a Serra dos Órgãos - Classificados","isPartOf":{"@id":"https://netdiario.com.br/classificados/#website"},"primaryImageOfPage":{"@id":"https://netdiario.com.br/classificados/imoveis/vem-morar-em-teresopolis-apartamento-de-2-quartos-no-centro-da-cidade-com-vista-para-a-serra-dos-orgaos/#primaryimage"},"image":{"@id":"https://netdiario.com.br/classificados/imoveis/vem-morar-em-teresopolis-apartamento-de-2-quartos-no-centro-da-cidade-com-vista-para-a-serra-dos-orgaos/#primaryimage"},"thumbnailUrl":"https://netdiario.com.br/classificados/wp-content/uploads/jet-engine-forms/14/2025/12/sala-1-cm.jpg","datePublished":"2025-12-08T18:47:46+00:00","breadcrumb":{"@id":"https://netdiario.com.br/classificados/imoveis/vem-morar-em-teresopolis-apartamento-de-2-quartos-no-centro-da-cidade-com-vista-para-a-serra-dos-orgaos/#breadcrumb"},"inLanguage":"pt-BR","potentialAction":[{"@type":"ReadAction","target":["https://netdiario.com.br/classificados/imoveis/vem-morar-em-teresopolis-apartamento-de-2-quartos-no-centro-da-cidade-com-vista-para-a-serra-dos-orgaos/"]}]},{"@type":"ImageObject","inLanguage":"pt-BR","@id":"https://netdiario.com.br/classificados/imoveis/vem-morar-em-teresopolis-apartamento-de-2-quartos-no-centro-da-cidade-com-vista-para-a-serra-dos-orgaos/#primaryimage","url":"https://netdiario.com.br/classificados/wp-content/uploads/jet-engine-forms/14/2025/12/sala-1-cm.jpg","contentUrl":"https://netdiario.com.br/classificados/wp-content/uploads/jet-engine-forms/14/2025/12/sala-1-cm.jpg","width":1575,"height":708},{"@type":"BreadcrumbList","@id":"https://netdiario.com.br/classificados/imoveis/vem-morar-em-teresopolis-apartamento-de-2-quartos-no-centro-da-cidade-com-vista-para-a-serra-dos-orgaos/#breadcrumb","itemListElement":[{"@type":"ListItem","position":1,"name":"Início","item":"https://netdiario.com.br/classificados/"},{"@type":"ListItem","position":2,"name":"Imóveis","item":"https://netdiario.com.br/classificados/imoveis/"},{"@type":"ListItem","position":3,"name":"Vem morar em Teresópolis! Apartamento de 2 quartos no Centro da Cidade com vista para a Serra dos Órgãos"}]},{"@type":"WebSite","@id":"https://netdiario.com.br/classificados/#website","url":"https://netdiario.com.br/classificados/","name":"Classificados Diário","description":"","publisher":{"@id":"https://netdiario.com.br/classificados/#organization"},"potentialAction":[{"@type":"SearchAction","target":{"@type":"EntryPoint","urlTemplate":"https://netdiario.com.br/classificados/?s={search_term_string}"},"query-input":{"@type":"PropertyValueSpecification","valueRequired":true,"valueName":"search_term_string"}}],"inLanguage":"pt-BR"},{"@type":"Organization","@id":"https://netdiario.com.br/classificados/#organization","name":"Classificados","url":"https://netdiario.com.br/classificados/","logo":{"@type":"ImageObject","inLanguage":"pt-BR","@id":"https://netdiario.com.br/classificados/#/schema/logo/image/","url":"https://netdiario.com.br/classificados/wp-content/uploads/2025/09/diario-classificados.jpg","contentUrl":"https://netdiario.com.br/classificados/wp-content/uploads/2025/09/diario-classificados.jpg","width":458,"height":458,"caption":"Classificados"},"image":{"@id":"https://netdiario.com.br/classificados/#/schema/logo/image/"}}]}</script>
<!-- / Yoast SEO plugin. -->

Vem morar em Teresópolis! Apartamento de 2 quartos no Centro da Cidade com vista para a Serra dos Órgãos - Classificados

Cansado do trânsito do dia a dia e deseja otimizar seu tempo, morando no Centro da Cidade, em uma unidade espaçosa e com bastante potencial? Este é o apartamento ideal para você! São 2 quartos, uma boa sala, cozinha e área de serviço com banheiro auxiliar em prédio localizado na rua Duque de Caxias: Com [&hellip;]

Início

Imóveis

Classificados Diário
