{"id":2054,"date":"2025-12-08T17:00:12","date_gmt":"2025-12-08T20:00:12","guid":{"rendered":"https:\/\/netdiario.com.br\/classificados\/imoveis\/alugo-apartamento-na-varzea-em-teresopolis-2-quartos-ampla-sala-varanda-e-elevador\/"},"modified":"2025-12-08T17:00:12","modified_gmt":"2025-12-08T20:00:12","slug":"alugo-apartamento-na-varzea-em-teresopolis-2-quartos-ampla-sala-varanda-e-elevador","status":"publish","type":"imoveis","link":"https:\/\/netdiario.com.br\/classificados\/imoveis\/alugo-apartamento-na-varzea-em-teresopolis-2-quartos-ampla-sala-varanda-e-elevador\/","title":{"rendered":"Alugo apartamento na V\u00e1rzea, em Teres\u00f3polis \u2013 2 quartos, ampla sala, varanda e elevador"},"content":{"rendered":"<p>Uma \u00f3tima unidade que re\u00fane a praticidade de morar na V\u00e1rzea com o conforto de um apartamento bem estruturado e com c\u00f4modos grandes! S\u00e3o 2 quartos (um su\u00edte, o outro j\u00e1 est\u00e1 com arm\u00e1rio), cozinha, \u00e1rea de servi\u00e7o, ampla sala com varanda! Pr\u00e9dio oferece elevador, garagem e muita seguran\u00e7a!<\/p>\n<p>Aluguel: R$ 1.800,00<br \/>IPTU: R$ 200\/m\u00eas<br \/>Condom\u00ednio: R$ 550,00<\/p>\n","protected":false},"featured_media":2047,"parent":0,"template":"","tipo-de-imovel":[32],"finalidade":[39],"class_list":["post-2054","imoveis","type-imoveis","status-publish","has-post-thumbnail","hentry","tipo-de-imovel-apartamentos","finalidade-aluguel"],"yoast_head":"<!-- This site is optimized with the Yoast SEO plugin v25.9 - https:\/\/yoast.com\/wordpress\/plugins\/seo\/ -->\n<title>Alugo apartamento na V\u00e1rzea, em Teres\u00f3polis \u2013 2 quartos, ampla sala, varanda e elevador - Classificados<\/title>\n<meta name=\"robots\" content=\"index, follow, max-snippet:-1, max-image-preview:large, max-video-preview:-1\" \/>\n<link rel=\"canonical\" href=\"https:\/\/netdiario.com.br\/classificados\/imoveis\/alugo-apartamento-na-varzea-em-teresopolis-2-quartos-ampla-sala-varanda-e-elevador\/\" \/>\n<meta property=\"og:locale\" content=\"pt_BR\" \/>\n<meta property=\"og:type\" content=\"article\" \/>\n<meta property=\"og:title\" content=\"Alugo apartamento na V\u00e1rzea, em Teres\u00f3polis \u2013 2 quartos, ampla sala, varanda e elevador - Classificados\" \/>\n<meta property=\"og:description\" content=\"Uma \u00f3tima unidade que re\u00fane a praticidade de morar na V\u00e1rzea com o conforto de um apartamento bem estruturado e com c\u00f4modos grandes! S\u00e3o 2 quartos (um su\u00edte, o outro j\u00e1 est\u00e1 com arm\u00e1rio), cozinha, \u00e1rea de servi\u00e7o, ampla sala com varanda! Pr\u00e9dio oferece elevador, garagem e muita seguran\u00e7a! Aluguel: R$ 1.800,00IPTU: R$ 200\/m\u00easCondom\u00ednio: R$ [&hellip;]\" \/>\n<meta property=\"og:url\" content=\"https:\/\/netdiario.com.br\/classificados\/imoveis\/alugo-apartamento-na-varzea-em-teresopolis-2-quartos-ampla-sala-varanda-e-elevador\/\" \/>\n<meta property=\"og:site_name\" content=\"Classificados\" \/>\n<meta property=\"og:image\" content=\"https:\/\/netdiario.com.br\/classificados\/wp-content\/uploads\/jet-engine-forms\/14\/2025\/12\/sala-2-cm-1.jpg\" \/>\n\t<meta property=\"og:image:width\" content=\"1575\" \/>\n\t<meta property=\"og:image:height\" content=\"708\" \/>\n\t<meta property=\"og:image:type\" content=\"image\/jpeg\" \/>\n<meta name=\"twitter:card\" content=\"summary_large_image\" \/>\n<script type=\"application\/ld+json\" class=\"yoast-schema-graph\">{\"@context\":\"https:\/\/schema.org\",\"@graph\":[{\"@type\":\"WebPage\",\"@id\":\"https:\/\/netdiario.com.br\/classificados\/imoveis\/alugo-apartamento-na-varzea-em-teresopolis-2-quartos-ampla-sala-varanda-e-elevador\/\",\"url\":\"https:\/\/netdiario.com.br\/classificados\/imoveis\/alugo-apartamento-na-varzea-em-teresopolis-2-quartos-ampla-sala-varanda-e-elevador\/\",\"name\":\"Alugo apartamento na V\u00e1rzea, em Teres\u00f3polis \u2013 2 quartos, ampla sala, varanda e elevador - Classificados\",\"isPartOf\":{\"@id\":\"https:\/\/netdiario.com.br\/classificados\/#website\"},\"primaryImageOfPage\":{\"@id\":\"https:\/\/netdiario.com.br\/classificados\/imoveis\/alugo-apartamento-na-varzea-em-teresopolis-2-quartos-ampla-sala-varanda-e-elevador\/#primaryimage\"},\"image\":{\"@id\":\"https:\/\/netdiario.com.br\/classificados\/imoveis\/alugo-apartamento-na-varzea-em-teresopolis-2-quartos-ampla-sala-varanda-e-elevador\/#primaryimage\"},\"thumbnailUrl\":\"https:\/\/netdiario.com.br\/classificados\/wp-content\/uploads\/jet-engine-forms\/14\/2025\/12\/sala-2-cm-1.jpg\",\"datePublished\":\"2025-12-08T20:00:12+00:00\",\"breadcrumb\":{\"@id\":\"https:\/\/netdiario.com.br\/classificados\/imoveis\/alugo-apartamento-na-varzea-em-teresopolis-2-quartos-ampla-sala-varanda-e-elevador\/#breadcrumb\"},\"inLanguage\":\"pt-BR\",\"potentialAction\":[{\"@type\":\"ReadAction\",\"target\":[\"https:\/\/netdiario.com.br\/classificados\/imoveis\/alugo-apartamento-na-varzea-em-teresopolis-2-quartos-ampla-sala-varanda-e-elevador\/\"]}]},{\"@type\":\"ImageObject\",\"inLanguage\":\"pt-BR\",\"@id\":\"https:\/\/netdiario.com.br\/classificados\/imoveis\/alugo-apartamento-na-varzea-em-teresopolis-2-quartos-ampla-sala-varanda-e-elevador\/#primaryimage\",\"url\":\"https:\/\/netdiario.com.br\/classificados\/wp-content\/uploads\/jet-engine-forms\/14\/2025\/12\/sala-2-cm-1.jpg\",\"contentUrl\":\"https:\/\/netdiario.com.br\/classificados\/wp-content\/uploads\/jet-engine-forms\/14\/2025\/12\/sala-2-cm-1.jpg\",\"width\":1575,\"height\":708},{\"@type\":\"BreadcrumbList\",\"@id\":\"https:\/\/netdiario.com.br\/classificados\/imoveis\/alugo-apartamento-na-varzea-em-teresopolis-2-quartos-ampla-sala-varanda-e-elevador\/#breadcrumb\",\"itemListElement\":[{\"@type\":\"ListItem\",\"position\":1,\"name\":\"In\u00edcio\",\"item\":\"https:\/\/netdiario.com.br\/classificados\/\"},{\"@type\":\"ListItem\",\"position\":2,\"name\":\"Im\u00f3veis\",\"item\":\"https:\/\/netdiario.com.br\/classificados\/imoveis\/\"},{\"@type\":\"ListItem\",\"position\":3,\"name\":\"Alugo apartamento na V\u00e1rzea, em Teres\u00f3polis \u2013 2 quartos, ampla sala, varanda e elevador\"}]},{\"@type\":\"WebSite\",\"@id\":\"https:\/\/netdiario.com.br\/classificados\/#website\",\"url\":\"https:\/\/netdiario.com.br\/classificados\/\",\"name\":\"Classificados Di\u00e1rio\",\"description\":\"\",\"publisher\":{\"@id\":\"https:\/\/netdiario.com.br\/classificados\/#organization\"},\"potentialAction\":[{\"@type\":\"SearchAction\",\"target\":{\"@type\":\"EntryPoint\",\"urlTemplate\":\"https:\/\/netdiario.com.br\/classificados\/?s={search_term_string}\"},\"query-input\":{\"@type\":\"PropertyValueSpecification\",\"valueRequired\":true,\"valueName\":\"search_term_string\"}}],\"inLanguage\":\"pt-BR\"},{\"@type\":\"Organization\",\"@id\":\"https:\/\/netdiario.com.br\/classificados\/#organization\",\"name\":\"Classificados\",\"url\":\"https:\/\/netdiario.com.br\/classificados\/\",\"logo\":{\"@type\":\"ImageObject\",\"inLanguage\":\"pt-BR\",\"@id\":\"https:\/\/netdiario.com.br\/classificados\/#\/schema\/logo\/image\/\",\"url\":\"https:\/\/netdiario.com.br\/classificados\/wp-content\/uploads\/2025\/09\/diario-classificados.jpg\",\"contentUrl\":\"https:\/\/netdiario.com.br\/classificados\/wp-content\/uploads\/2025\/09\/diario-classificados.jpg\",\"width\":458,\"height\":458,\"caption\":\"Classificados\"},\"image\":{\"@id\":\"https:\/\/netdiario.com.br\/classificados\/#\/schema\/logo\/image\/\"}}]}<\/script>\n<!-- \/ Yoast SEO plugin. -->","yoast_head_json":{"title":"Alugo apartamento na V\u00e1rzea, em Teres\u00f3polis \u2013 2 quartos, ampla sala, varanda e elevador - Classificados","robots":{"index":"index","follow":"follow","max-snippet":"max-snippet:-1","max-image-preview":"max-image-preview:large","max-video-preview":"max-video-preview:-1"},"canonical":"https:\/\/netdiario.com.br\/classificados\/imoveis\/alugo-apartamento-na-varzea-em-teresopolis-2-quartos-ampla-sala-varanda-e-elevador\/","og_locale":"pt_BR","og_type":"article","og_title":"Alugo apartamento na V\u00e1rzea, em Teres\u00f3polis \u2013 2 quartos, ampla sala, varanda e elevador - Classificados","og_description":"Uma \u00f3tima unidade que re\u00fane a praticidade de morar na V\u00e1rzea com o conforto de um apartamento bem estruturado e com c\u00f4modos grandes! S\u00e3o 2 quartos (um su\u00edte, o outro j\u00e1 est\u00e1 com arm\u00e1rio), cozinha, \u00e1rea de servi\u00e7o, ampla sala com varanda! Pr\u00e9dio oferece elevador, garagem e muita seguran\u00e7a! Aluguel: R$ 1.800,00IPTU: R$ 200\/m\u00easCondom\u00ednio: R$ [&hellip;]","og_url":"https:\/\/netdiario.com.br\/classificados\/imoveis\/alugo-apartamento-na-varzea-em-teresopolis-2-quartos-ampla-sala-varanda-e-elevador\/","og_site_name":"Classificados","og_image":[{"width":1575,"height":708,"url":"https:\/\/netdiario.com.br\/classificados\/wp-content\/uploads\/jet-engine-forms\/14\/2025\/12\/sala-2-cm-1.jpg","type":"image\/jpeg"}],"twitter_card":"summary_large_image","schema":{"@context":"https:\/\/schema.org","@graph":[{"@type":"WebPage","@id":"https:\/\/netdiario.com.br\/classificados\/imoveis\/alugo-apartamento-na-varzea-em-teresopolis-2-quartos-ampla-sala-varanda-e-elevador\/","url":"https:\/\/netdiario.com.br\/classificados\/imoveis\/alugo-apartamento-na-varzea-em-teresopolis-2-quartos-ampla-sala-varanda-e-elevador\/","name":"Alugo apartamento na V\u00e1rzea, em Teres\u00f3polis \u2013 2 quartos, ampla sala, varanda e elevador - Classificados","isPartOf":{"@id":"https:\/\/netdiario.com.br\/classificados\/#website"},"primaryImageOfPage":{"@id":"https:\/\/netdiario.com.br\/classificados\/imoveis\/alugo-apartamento-na-varzea-em-teresopolis-2-quartos-ampla-sala-varanda-e-elevador\/#primaryimage"},"image":{"@id":"https:\/\/netdiario.com.br\/classificados\/imoveis\/alugo-apartamento-na-varzea-em-teresopolis-2-quartos-ampla-sala-varanda-e-elevador\/#primaryimage"},"thumbnailUrl":"https:\/\/netdiario.com.br\/classificados\/wp-content\/uploads\/jet-engine-forms\/14\/2025\/12\/sala-2-cm-1.jpg","datePublished":"2025-12-08T20:00:12+00:00","breadcrumb":{"@id":"https:\/\/netdiario.com.br\/classificados\/imoveis\/alugo-apartamento-na-varzea-em-teresopolis-2-quartos-ampla-sala-varanda-e-elevador\/#breadcrumb"},"inLanguage":"pt-BR","potentialAction":[{"@type":"ReadAction","target":["https:\/\/netdiario.com.br\/classificados\/imoveis\/alugo-apartamento-na-varzea-em-teresopolis-2-quartos-ampla-sala-varanda-e-elevador\/"]}]},{"@type":"ImageObject","inLanguage":"pt-BR","@id":"https:\/\/netdiario.com.br\/classificados\/imoveis\/alugo-apartamento-na-varzea-em-teresopolis-2-quartos-ampla-sala-varanda-e-elevador\/#primaryimage","url":"https:\/\/netdiario.com.br\/classificados\/wp-content\/uploads\/jet-engine-forms\/14\/2025\/12\/sala-2-cm-1.jpg","contentUrl":"https:\/\/netdiario.com.br\/classificados\/wp-content\/uploads\/jet-engine-forms\/14\/2025\/12\/sala-2-cm-1.jpg","width":1575,"height":708},{"@type":"BreadcrumbList","@id":"https:\/\/netdiario.com.br\/classificados\/imoveis\/alugo-apartamento-na-varzea-em-teresopolis-2-quartos-ampla-sala-varanda-e-elevador\/#breadcrumb","itemListElement":[{"@type":"ListItem","position":1,"name":"In\u00edcio","item":"https:\/\/netdiario.com.br\/classificados\/"},{"@type":"ListItem","position":2,"name":"Im\u00f3veis","item":"https:\/\/netdiario.com.br\/classificados\/imoveis\/"},{"@type":"ListItem","position":3,"name":"Alugo apartamento na V\u00e1rzea, em Teres\u00f3polis \u2013 2 quartos, ampla sala, varanda e elevador"}]},{"@type":"WebSite","@id":"https:\/\/netdiario.com.br\/classificados\/#website","url":"https:\/\/netdiario.com.br\/classificados\/","name":"Classificados Di\u00e1rio","description":"","publisher":{"@id":"https:\/\/netdiario.com.br\/classificados\/#organization"},"potentialAction":[{"@type":"SearchAction","target":{"@type":"EntryPoint","urlTemplate":"https:\/\/netdiario.com.br\/classificados\/?s={search_term_string}"},"query-input":{"@type":"PropertyValueSpecification","valueRequired":true,"valueName":"search_term_string"}}],"inLanguage":"pt-BR"},{"@type":"Organization","@id":"https:\/\/netdiario.com.br\/classificados\/#organization","name":"Classificados","url":"https:\/\/netdiario.com.br\/classificados\/","logo":{"@type":"ImageObject","inLanguage":"pt-BR","@id":"https:\/\/netdiario.com.br\/classificados\/#\/schema\/logo\/image\/","url":"https:\/\/netdiario.com.br\/classificados\/wp-content\/uploads\/2025\/09\/diario-classificados.jpg","contentUrl":"https:\/\/netdiario.com.br\/classificados\/wp-content\/uploads\/2025\/09\/diario-classificados.jpg","width":458,"height":458,"caption":"Classificados"},"image":{"@id":"https:\/\/netdiario.com.br\/classificados\/#\/schema\/logo\/image\/"}}]}},"_links":{"self":[{"href":"https:\/\/netdiario.com.br\/classificados\/wp-json\/wp\/v2\/imoveis\/2054","targetHints":{"allow":["GET"]}}],"collection":[{"href":"https:\/\/netdiario.com.br\/classificados\/wp-json\/wp\/v2\/imoveis"}],"about":[{"href":"https:\/\/netdiario.com.br\/classificados\/wp-json\/wp\/v2\/types\/imoveis"}],"wp:featuredmedia":[{"embeddable":true,"href":"https:\/\/netdiario.com.br\/classificados\/wp-json\/wp\/v2\/media\/2047"}],"wp:attachment":[{"href":"https:\/\/netdiario.com.br\/classificados\/wp-json\/wp\/v2\/media?parent=2054"}],"wp:term":[{"taxonomy":"tipo-de-imovel","embeddable":true,"href":"https:\/\/netdiario.com.br\/classificados\/wp-json\/wp\/v2\/tipo-de-imovel?post=2054"},{"taxonomy":"finalidade","embeddable":true,"href":"https:\/\/netdiario.com.br\/classificados\/wp-json\/wp\/v2\/finalidade?post=2054"}],"curies":[{"name":"wp","href":"https:\/\/api.w.org\/{rel}","templated":true}]}}

Alugo apartamento na Várzea, em Teresópolis – 2 quartos, ampla sala, varanda e elevador

<p>Uma ótima unidade que reúne a praticidade de morar na Várzea com o conforto de um apartamento bem estruturado e com cômodos grandes! São 2 quartos (um suíte, o outro já está com armário), cozinha, área de serviço, ampla sala com varanda! Prédio oferece elevador, garagem e muita segurança!</p>
<p>Aluguel: R$ 1.800,00<br />IPTU: R$ 200/mês<br />Condomínio: R$ 550,00</p>

<!-- This site is optimized with the Yoast SEO plugin v25.9 - https://yoast.com/wordpress/plugins/seo/ -->
<title>Alugo apartamento na Várzea, em Teresópolis – 2 quartos, ampla sala, varanda e elevador - Classificados</title>
<meta name="robots" content="index, follow, max-snippet:-1, max-image-preview:large, max-video-preview:-1" />
<link rel="canonical" href="https://netdiario.com.br/classificados/imoveis/alugo-apartamento-na-varzea-em-teresopolis-2-quartos-ampla-sala-varanda-e-elevador/" />
<meta property="og:locale" content="pt_BR" />
<meta property="og:type" content="article" />
<meta property="og:title" content="Alugo apartamento na Várzea, em Teresópolis – 2 quartos, ampla sala, varanda e elevador - Classificados" />
<meta property="og:description" content="Uma ótima unidade que reúne a praticidade de morar na Várzea com o conforto de um apartamento bem estruturado e com cômodos grandes! São 2 quartos (um suíte, o outro já está com armário), cozinha, área de serviço, ampla sala com varanda! Prédio oferece elevador, garagem e muita segurança! Aluguel: R$ 1.800,00IPTU: R$ 200/mêsCondomínio: R$ [&hellip;]" />
<meta property="og:url" content="https://netdiario.com.br/classificados/imoveis/alugo-apartamento-na-varzea-em-teresopolis-2-quartos-ampla-sala-varanda-e-elevador/" />
<meta property="og:site_name" content="Classificados" />
<meta property="og:image" content="https://netdiario.com.br/classificados/wp-content/uploads/jet-engine-forms/14/2025/12/sala-2-cm-1.jpg" />
	<meta property="og:image:width" content="1575" />
	<meta property="og:image:height" content="708" />
	<meta property="og:image:type" content="image/jpeg" />
<meta name="twitter:card" content="summary_large_image" />
<script type="application/ld+json" class="yoast-schema-graph">{"@context":"https://schema.org","@graph":[{"@type":"WebPage","@id":"https://netdiario.com.br/classificados/imoveis/alugo-apartamento-na-varzea-em-teresopolis-2-quartos-ampla-sala-varanda-e-elevador/","url":"https://netdiario.com.br/classificados/imoveis/alugo-apartamento-na-varzea-em-teresopolis-2-quartos-ampla-sala-varanda-e-elevador/","name":"Alugo apartamento na Várzea, em Teresópolis – 2 quartos, ampla sala, varanda e elevador - Classificados","isPartOf":{"@id":"https://netdiario.com.br/classificados/#website"},"primaryImageOfPage":{"@id":"https://netdiario.com.br/classificados/imoveis/alugo-apartamento-na-varzea-em-teresopolis-2-quartos-ampla-sala-varanda-e-elevador/#primaryimage"},"image":{"@id":"https://netdiario.com.br/classificados/imoveis/alugo-apartamento-na-varzea-em-teresopolis-2-quartos-ampla-sala-varanda-e-elevador/#primaryimage"},"thumbnailUrl":"https://netdiario.com.br/classificados/wp-content/uploads/jet-engine-forms/14/2025/12/sala-2-cm-1.jpg","datePublished":"2025-12-08T20:00:12+00:00","breadcrumb":{"@id":"https://netdiario.com.br/classificados/imoveis/alugo-apartamento-na-varzea-em-teresopolis-2-quartos-ampla-sala-varanda-e-elevador/#breadcrumb"},"inLanguage":"pt-BR","potentialAction":[{"@type":"ReadAction","target":["https://netdiario.com.br/classificados/imoveis/alugo-apartamento-na-varzea-em-teresopolis-2-quartos-ampla-sala-varanda-e-elevador/"]}]},{"@type":"ImageObject","inLanguage":"pt-BR","@id":"https://netdiario.com.br/classificados/imoveis/alugo-apartamento-na-varzea-em-teresopolis-2-quartos-ampla-sala-varanda-e-elevador/#primaryimage","url":"https://netdiario.com.br/classificados/wp-content/uploads/jet-engine-forms/14/2025/12/sala-2-cm-1.jpg","contentUrl":"https://netdiario.com.br/classificados/wp-content/uploads/jet-engine-forms/14/2025/12/sala-2-cm-1.jpg","width":1575,"height":708},{"@type":"BreadcrumbList","@id":"https://netdiario.com.br/classificados/imoveis/alugo-apartamento-na-varzea-em-teresopolis-2-quartos-ampla-sala-varanda-e-elevador/#breadcrumb","itemListElement":[{"@type":"ListItem","position":1,"name":"Início","item":"https://netdiario.com.br/classificados/"},{"@type":"ListItem","position":2,"name":"Imóveis","item":"https://netdiario.com.br/classificados/imoveis/"},{"@type":"ListItem","position":3,"name":"Alugo apartamento na Várzea, em Teresópolis – 2 quartos, ampla sala, varanda e elevador"}]},{"@type":"WebSite","@id":"https://netdiario.com.br/classificados/#website","url":"https://netdiario.com.br/classificados/","name":"Classificados Diário","description":"","publisher":{"@id":"https://netdiario.com.br/classificados/#organization"},"potentialAction":[{"@type":"SearchAction","target":{"@type":"EntryPoint","urlTemplate":"https://netdiario.com.br/classificados/?s={search_term_string}"},"query-input":{"@type":"PropertyValueSpecification","valueRequired":true,"valueName":"search_term_string"}}],"inLanguage":"pt-BR"},{"@type":"Organization","@id":"https://netdiario.com.br/classificados/#organization","name":"Classificados","url":"https://netdiario.com.br/classificados/","logo":{"@type":"ImageObject","inLanguage":"pt-BR","@id":"https://netdiario.com.br/classificados/#/schema/logo/image/","url":"https://netdiario.com.br/classificados/wp-content/uploads/2025/09/diario-classificados.jpg","contentUrl":"https://netdiario.com.br/classificados/wp-content/uploads/2025/09/diario-classificados.jpg","width":458,"height":458,"caption":"Classificados"},"image":{"@id":"https://netdiario.com.br/classificados/#/schema/logo/image/"}}]}</script>
<!-- / Yoast SEO plugin. -->

Alugo apartamento na Várzea, em Teresópolis – 2 quartos, ampla sala, varanda e elevador - Classificados

Uma ótima unidade que reúne a praticidade de morar na Várzea com o conforto de um apartamento bem estruturado e com cômodos grandes! São 2 quartos (um suíte, o outro já está com armário), cozinha, área de serviço, ampla sala com varanda! Prédio oferece elevador, garagem e muita segurança! Aluguel: R$ 1.800,00IPTU: R$ 200/mêsCondomínio: R$ [&hellip;]

Início

Imóveis

Classificados Diário
