{"id":1232,"date":"2025-08-27T10:53:05","date_gmt":"2025-08-27T13:53:05","guid":{"rendered":"https:\/\/netdiario.com.br\/classificados\/veiculos\/2-0-0-8-1-0-turbo-200-gt-cvt\/"},"modified":"2025-10-22T18:56:46","modified_gmt":"2025-10-22T21:56:46","slug":"2-0-0-8-1-0-turbo-200-gt-cvt","status":"publish","type":"veiculos","link":"https:\/\/netdiario.com.br\/classificados\/veiculos\/2-0-0-8-1-0-turbo-200-gt-cvt\/","title":{"rendered":"2 0 0 8    1.0 TURBO 200 GT CVT"},"content":{"rendered":"<p>Ve\u00edulo SEMI NOVO.<\/p>\n<p>Laudo cautelar aprovado, sem detalhes.<\/p>\n<p>Trazemos o carro at\u00e9 Teres\u00f3polis em negocia\u00e7\u00f5es avan\u00e7adas.<\/p>\n<p>S\u00f3 trabalhamos com ve\u00edculos com laudo cautelar aprovados.<\/p>\n","protected":false},"featured_media":1221,"parent":0,"template":"","tipo-de-veiculo":[35],"_cambio":[14],"_combustivel_ve":[12],"_estado-do-veiculo_ve":[10],"class_list":["post-1232","veiculos","type-veiculos","status-publish","has-post-thumbnail","hentry","tipo-de-veiculo-carros","_cambio-automatico","_combustivel_ve-flex","_estado-do-veiculo_ve-seminovo"],"yoast_head":"<!-- This site is optimized with the Yoast SEO plugin v25.9 - https:\/\/yoast.com\/wordpress\/plugins\/seo\/ -->\n<title>2 0 0 8  1.0 TURBO 200 GT CVT - Classificados<\/title>\n<meta name=\"robots\" content=\"index, follow, max-snippet:-1, max-image-preview:large, max-video-preview:-1\" \/>\n<link rel=\"canonical\" href=\"https:\/\/netdiario.com.br\/classificados\/veiculos\/2-0-0-8-1-0-turbo-200-gt-cvt\/\" \/>\n<meta property=\"og:locale\" content=\"pt_BR\" \/>\n<meta property=\"og:type\" content=\"article\" \/>\n<meta property=\"og:title\" content=\"2 0 0 8  1.0 TURBO 200 GT CVT - Classificados\" \/>\n<meta property=\"og:description\" content=\"Ve\u00edulo SEMI NOVO. Laudo cautelar aprovado, sem detalhes. Trazemos o carro at\u00e9 Teres\u00f3polis em negocia\u00e7\u00f5es avan\u00e7adas. S\u00f3 trabalhamos com ve\u00edculos com laudo cautelar aprovados.\" \/>\n<meta property=\"og:url\" content=\"https:\/\/netdiario.com.br\/classificados\/veiculos\/2-0-0-8-1-0-turbo-200-gt-cvt\/\" \/>\n<meta property=\"og:site_name\" content=\"Classificados\" \/>\n<meta property=\"article:modified_time\" content=\"2025-10-22T21:56:46+00:00\" \/>\n<meta property=\"og:image\" content=\"https:\/\/netdiario.com.br\/classificados\/wp-content\/uploads\/jet-engine-forms\/10\/2025\/08\/2008.jpg\" \/>\n\t<meta property=\"og:image:width\" content=\"690\" \/>\n\t<meta property=\"og:image:height\" content=\"500\" \/>\n\t<meta property=\"og:image:type\" content=\"image\/jpeg\" \/>\n<meta name=\"twitter:card\" content=\"summary_large_image\" \/>\n<script type=\"application\/ld+json\" class=\"yoast-schema-graph\">{\"@context\":\"https:\/\/schema.org\",\"@graph\":[{\"@type\":\"WebPage\",\"@id\":\"https:\/\/netdiario.com.br\/classificados\/veiculos\/2-0-0-8-1-0-turbo-200-gt-cvt\/\",\"url\":\"https:\/\/netdiario.com.br\/classificados\/veiculos\/2-0-0-8-1-0-turbo-200-gt-cvt\/\",\"name\":\"2 0 0 8 1.0 TURBO 200 GT CVT - Classificados\",\"isPartOf\":{\"@id\":\"https:\/\/netdiario.com.br\/classificados\/#website\"},\"primaryImageOfPage\":{\"@id\":\"https:\/\/netdiario.com.br\/classificados\/veiculos\/2-0-0-8-1-0-turbo-200-gt-cvt\/#primaryimage\"},\"image\":{\"@id\":\"https:\/\/netdiario.com.br\/classificados\/veiculos\/2-0-0-8-1-0-turbo-200-gt-cvt\/#primaryimage\"},\"thumbnailUrl\":\"https:\/\/netdiario.com.br\/classificados\/wp-content\/uploads\/jet-engine-forms\/10\/2025\/08\/2008.jpg\",\"datePublished\":\"2025-08-27T13:53:05+00:00\",\"dateModified\":\"2025-10-22T21:56:46+00:00\",\"breadcrumb\":{\"@id\":\"https:\/\/netdiario.com.br\/classificados\/veiculos\/2-0-0-8-1-0-turbo-200-gt-cvt\/#breadcrumb\"},\"inLanguage\":\"pt-BR\",\"potentialAction\":[{\"@type\":\"ReadAction\",\"target\":[\"https:\/\/netdiario.com.br\/classificados\/veiculos\/2-0-0-8-1-0-turbo-200-gt-cvt\/\"]}]},{\"@type\":\"ImageObject\",\"inLanguage\":\"pt-BR\",\"@id\":\"https:\/\/netdiario.com.br\/classificados\/veiculos\/2-0-0-8-1-0-turbo-200-gt-cvt\/#primaryimage\",\"url\":\"https:\/\/netdiario.com.br\/classificados\/wp-content\/uploads\/jet-engine-forms\/10\/2025\/08\/2008.jpg\",\"contentUrl\":\"https:\/\/netdiario.com.br\/classificados\/wp-content\/uploads\/jet-engine-forms\/10\/2025\/08\/2008.jpg\",\"width\":690,\"height\":500},{\"@type\":\"BreadcrumbList\",\"@id\":\"https:\/\/netdiario.com.br\/classificados\/veiculos\/2-0-0-8-1-0-turbo-200-gt-cvt\/#breadcrumb\",\"itemListElement\":[{\"@type\":\"ListItem\",\"position\":1,\"name\":\"In\u00edcio\",\"item\":\"https:\/\/netdiario.com.br\/classificados\/\"},{\"@type\":\"ListItem\",\"position\":2,\"name\":\"Ve\u00edculos\",\"item\":\"https:\/\/netdiario.com.br\/classificados\/veiculos\/\"},{\"@type\":\"ListItem\",\"position\":3,\"name\":\"2 0 0 8 1.0 TURBO 200 GT CVT\"}]},{\"@type\":\"WebSite\",\"@id\":\"https:\/\/netdiario.com.br\/classificados\/#website\",\"url\":\"https:\/\/netdiario.com.br\/classificados\/\",\"name\":\"Classificados Di\u00e1rio\",\"description\":\"\",\"publisher\":{\"@id\":\"https:\/\/netdiario.com.br\/classificados\/#organization\"},\"potentialAction\":[{\"@type\":\"SearchAction\",\"target\":{\"@type\":\"EntryPoint\",\"urlTemplate\":\"https:\/\/netdiario.com.br\/classificados\/?s={search_term_string}\"},\"query-input\":{\"@type\":\"PropertyValueSpecification\",\"valueRequired\":true,\"valueName\":\"search_term_string\"}}],\"inLanguage\":\"pt-BR\"},{\"@type\":\"Organization\",\"@id\":\"https:\/\/netdiario.com.br\/classificados\/#organization\",\"name\":\"Classificados\",\"url\":\"https:\/\/netdiario.com.br\/classificados\/\",\"logo\":{\"@type\":\"ImageObject\",\"inLanguage\":\"pt-BR\",\"@id\":\"https:\/\/netdiario.com.br\/classificados\/#\/schema\/logo\/image\/\",\"url\":\"https:\/\/netdiario.com.br\/classificados\/wp-content\/uploads\/2025\/09\/diario-classificados.jpg\",\"contentUrl\":\"https:\/\/netdiario.com.br\/classificados\/wp-content\/uploads\/2025\/09\/diario-classificados.jpg\",\"width\":458,\"height\":458,\"caption\":\"Classificados\"},\"image\":{\"@id\":\"https:\/\/netdiario.com.br\/classificados\/#\/schema\/logo\/image\/\"}}]}<\/script>\n<!-- \/ Yoast SEO plugin. -->","yoast_head_json":{"title":"2 0 0 8  1.0 TURBO 200 GT CVT - Classificados","robots":{"index":"index","follow":"follow","max-snippet":"max-snippet:-1","max-image-preview":"max-image-preview:large","max-video-preview":"max-video-preview:-1"},"canonical":"https:\/\/netdiario.com.br\/classificados\/veiculos\/2-0-0-8-1-0-turbo-200-gt-cvt\/","og_locale":"pt_BR","og_type":"article","og_title":"2 0 0 8  1.0 TURBO 200 GT CVT - Classificados","og_description":"Ve\u00edulo SEMI NOVO. Laudo cautelar aprovado, sem detalhes. Trazemos o carro at\u00e9 Teres\u00f3polis em negocia\u00e7\u00f5es avan\u00e7adas. S\u00f3 trabalhamos com ve\u00edculos com laudo cautelar aprovados.","og_url":"https:\/\/netdiario.com.br\/classificados\/veiculos\/2-0-0-8-1-0-turbo-200-gt-cvt\/","og_site_name":"Classificados","article_modified_time":"2025-10-22T21:56:46+00:00","og_image":[{"width":690,"height":500,"url":"https:\/\/netdiario.com.br\/classificados\/wp-content\/uploads\/jet-engine-forms\/10\/2025\/08\/2008.jpg","type":"image\/jpeg"}],"twitter_card":"summary_large_image","schema":{"@context":"https:\/\/schema.org","@graph":[{"@type":"WebPage","@id":"https:\/\/netdiario.com.br\/classificados\/veiculos\/2-0-0-8-1-0-turbo-200-gt-cvt\/","url":"https:\/\/netdiario.com.br\/classificados\/veiculos\/2-0-0-8-1-0-turbo-200-gt-cvt\/","name":"2 0 0 8 1.0 TURBO 200 GT CVT - Classificados","isPartOf":{"@id":"https:\/\/netdiario.com.br\/classificados\/#website"},"primaryImageOfPage":{"@id":"https:\/\/netdiario.com.br\/classificados\/veiculos\/2-0-0-8-1-0-turbo-200-gt-cvt\/#primaryimage"},"image":{"@id":"https:\/\/netdiario.com.br\/classificados\/veiculos\/2-0-0-8-1-0-turbo-200-gt-cvt\/#primaryimage"},"thumbnailUrl":"https:\/\/netdiario.com.br\/classificados\/wp-content\/uploads\/jet-engine-forms\/10\/2025\/08\/2008.jpg","datePublished":"2025-08-27T13:53:05+00:00","dateModified":"2025-10-22T21:56:46+00:00","breadcrumb":{"@id":"https:\/\/netdiario.com.br\/classificados\/veiculos\/2-0-0-8-1-0-turbo-200-gt-cvt\/#breadcrumb"},"inLanguage":"pt-BR","potentialAction":[{"@type":"ReadAction","target":["https:\/\/netdiario.com.br\/classificados\/veiculos\/2-0-0-8-1-0-turbo-200-gt-cvt\/"]}]},{"@type":"ImageObject","inLanguage":"pt-BR","@id":"https:\/\/netdiario.com.br\/classificados\/veiculos\/2-0-0-8-1-0-turbo-200-gt-cvt\/#primaryimage","url":"https:\/\/netdiario.com.br\/classificados\/wp-content\/uploads\/jet-engine-forms\/10\/2025\/08\/2008.jpg","contentUrl":"https:\/\/netdiario.com.br\/classificados\/wp-content\/uploads\/jet-engine-forms\/10\/2025\/08\/2008.jpg","width":690,"height":500},{"@type":"BreadcrumbList","@id":"https:\/\/netdiario.com.br\/classificados\/veiculos\/2-0-0-8-1-0-turbo-200-gt-cvt\/#breadcrumb","itemListElement":[{"@type":"ListItem","position":1,"name":"In\u00edcio","item":"https:\/\/netdiario.com.br\/classificados\/"},{"@type":"ListItem","position":2,"name":"Ve\u00edculos","item":"https:\/\/netdiario.com.br\/classificados\/veiculos\/"},{"@type":"ListItem","position":3,"name":"2 0 0 8 1.0 TURBO 200 GT CVT"}]},{"@type":"WebSite","@id":"https:\/\/netdiario.com.br\/classificados\/#website","url":"https:\/\/netdiario.com.br\/classificados\/","name":"Classificados Di\u00e1rio","description":"","publisher":{"@id":"https:\/\/netdiario.com.br\/classificados\/#organization"},"potentialAction":[{"@type":"SearchAction","target":{"@type":"EntryPoint","urlTemplate":"https:\/\/netdiario.com.br\/classificados\/?s={search_term_string}"},"query-input":{"@type":"PropertyValueSpecification","valueRequired":true,"valueName":"search_term_string"}}],"inLanguage":"pt-BR"},{"@type":"Organization","@id":"https:\/\/netdiario.com.br\/classificados\/#organization","name":"Classificados","url":"https:\/\/netdiario.com.br\/classificados\/","logo":{"@type":"ImageObject","inLanguage":"pt-BR","@id":"https:\/\/netdiario.com.br\/classificados\/#\/schema\/logo\/image\/","url":"https:\/\/netdiario.com.br\/classificados\/wp-content\/uploads\/2025\/09\/diario-classificados.jpg","contentUrl":"https:\/\/netdiario.com.br\/classificados\/wp-content\/uploads\/2025\/09\/diario-classificados.jpg","width":458,"height":458,"caption":"Classificados"},"image":{"@id":"https:\/\/netdiario.com.br\/classificados\/#\/schema\/logo\/image\/"}}]}},"_links":{"self":[{"href":"https:\/\/netdiario.com.br\/classificados\/wp-json\/wp\/v2\/veiculos\/1232","targetHints":{"allow":["GET"]}}],"collection":[{"href":"https:\/\/netdiario.com.br\/classificados\/wp-json\/wp\/v2\/veiculos"}],"about":[{"href":"https:\/\/netdiario.com.br\/classificados\/wp-json\/wp\/v2\/types\/veiculos"}],"wp:featuredmedia":[{"embeddable":true,"href":"https:\/\/netdiario.com.br\/classificados\/wp-json\/wp\/v2\/media\/1221"}],"wp:attachment":[{"href":"https:\/\/netdiario.com.br\/classificados\/wp-json\/wp\/v2\/media?parent=1232"}],"wp:term":[{"taxonomy":"tipo-de-veiculo","embeddable":true,"href":"https:\/\/netdiario.com.br\/classificados\/wp-json\/wp\/v2\/tipo-de-veiculo?post=1232"},{"taxonomy":"_cambio","embeddable":true,"href":"https:\/\/netdiario.com.br\/classificados\/wp-json\/wp\/v2\/_cambio?post=1232"},{"taxonomy":"_combustivel_ve","embeddable":true,"href":"https:\/\/netdiario.com.br\/classificados\/wp-json\/wp\/v2\/_combustivel_ve?post=1232"},{"taxonomy":"_estado-do-veiculo_ve","embeddable":true,"href":"https:\/\/netdiario.com.br\/classificados\/wp-json\/wp\/v2\/_estado-do-veiculo_ve?post=1232"}],"curies":[{"name":"wp","href":"https:\/\/api.w.org\/{rel}","templated":true}]}}

<p>Veíulo SEMI NOVO.</p>
<p>Laudo cautelar aprovado, sem detalhes.</p>
<p>Trazemos o carro até Teresópolis em negociações avançadas.</p>
<p>Só trabalhamos com veículos com laudo cautelar aprovados.</p>

<!-- This site is optimized with the Yoast SEO plugin v25.9 - https://yoast.com/wordpress/plugins/seo/ -->
<title>2 0 0 8  1.0 TURBO 200 GT CVT - Classificados</title>
<meta name="robots" content="index, follow, max-snippet:-1, max-image-preview:large, max-video-preview:-1" />
<link rel="canonical" href="https://netdiario.com.br/classificados/veiculos/2-0-0-8-1-0-turbo-200-gt-cvt/" />
<meta property="og:locale" content="pt_BR" />
<meta property="og:type" content="article" />
<meta property="og:title" content="2 0 0 8  1.0 TURBO 200 GT CVT - Classificados" />
<meta property="og:description" content="Veíulo SEMI NOVO. Laudo cautelar aprovado, sem detalhes. Trazemos o carro até Teresópolis em negociações avançadas. Só trabalhamos com veículos com laudo cautelar aprovados." />
<meta property="og:url" content="https://netdiario.com.br/classificados/veiculos/2-0-0-8-1-0-turbo-200-gt-cvt/" />
<meta property="og:site_name" content="Classificados" />
<meta property="article:modified_time" content="2025-10-22T21:56:46+00:00" />
<meta property="og:image" content="https://netdiario.com.br/classificados/wp-content/uploads/jet-engine-forms/10/2025/08/2008.jpg" />
	<meta property="og:image:width" content="690" />
	<meta property="og:image:height" content="500" />
	<meta property="og:image:type" content="image/jpeg" />
<meta name="twitter:card" content="summary_large_image" />
<script type="application/ld+json" class="yoast-schema-graph">{"@context":"https://schema.org","@graph":[{"@type":"WebPage","@id":"https://netdiario.com.br/classificados/veiculos/2-0-0-8-1-0-turbo-200-gt-cvt/","url":"https://netdiario.com.br/classificados/veiculos/2-0-0-8-1-0-turbo-200-gt-cvt/","name":"2 0 0 8 1.0 TURBO 200 GT CVT - Classificados","isPartOf":{"@id":"https://netdiario.com.br/classificados/#website"},"primaryImageOfPage":{"@id":"https://netdiario.com.br/classificados/veiculos/2-0-0-8-1-0-turbo-200-gt-cvt/#primaryimage"},"image":{"@id":"https://netdiario.com.br/classificados/veiculos/2-0-0-8-1-0-turbo-200-gt-cvt/#primaryimage"},"thumbnailUrl":"https://netdiario.com.br/classificados/wp-content/uploads/jet-engine-forms/10/2025/08/2008.jpg","datePublished":"2025-08-27T13:53:05+00:00","dateModified":"2025-10-22T21:56:46+00:00","breadcrumb":{"@id":"https://netdiario.com.br/classificados/veiculos/2-0-0-8-1-0-turbo-200-gt-cvt/#breadcrumb"},"inLanguage":"pt-BR","potentialAction":[{"@type":"ReadAction","target":["https://netdiario.com.br/classificados/veiculos/2-0-0-8-1-0-turbo-200-gt-cvt/"]}]},{"@type":"ImageObject","inLanguage":"pt-BR","@id":"https://netdiario.com.br/classificados/veiculos/2-0-0-8-1-0-turbo-200-gt-cvt/#primaryimage","url":"https://netdiario.com.br/classificados/wp-content/uploads/jet-engine-forms/10/2025/08/2008.jpg","contentUrl":"https://netdiario.com.br/classificados/wp-content/uploads/jet-engine-forms/10/2025/08/2008.jpg","width":690,"height":500},{"@type":"BreadcrumbList","@id":"https://netdiario.com.br/classificados/veiculos/2-0-0-8-1-0-turbo-200-gt-cvt/#breadcrumb","itemListElement":[{"@type":"ListItem","position":1,"name":"Início","item":"https://netdiario.com.br/classificados/"},{"@type":"ListItem","position":2,"name":"Veículos","item":"https://netdiario.com.br/classificados/veiculos/"},{"@type":"ListItem","position":3,"name":"2 0 0 8 1.0 TURBO 200 GT CVT"}]},{"@type":"WebSite","@id":"https://netdiario.com.br/classificados/#website","url":"https://netdiario.com.br/classificados/","name":"Classificados Diário","description":"","publisher":{"@id":"https://netdiario.com.br/classificados/#organization"},"potentialAction":[{"@type":"SearchAction","target":{"@type":"EntryPoint","urlTemplate":"https://netdiario.com.br/classificados/?s={search_term_string}"},"query-input":{"@type":"PropertyValueSpecification","valueRequired":true,"valueName":"search_term_string"}}],"inLanguage":"pt-BR"},{"@type":"Organization","@id":"https://netdiario.com.br/classificados/#organization","name":"Classificados","url":"https://netdiario.com.br/classificados/","logo":{"@type":"ImageObject","inLanguage":"pt-BR","@id":"https://netdiario.com.br/classificados/#/schema/logo/image/","url":"https://netdiario.com.br/classificados/wp-content/uploads/2025/09/diario-classificados.jpg","contentUrl":"https://netdiario.com.br/classificados/wp-content/uploads/2025/09/diario-classificados.jpg","width":458,"height":458,"caption":"Classificados"},"image":{"@id":"https://netdiario.com.br/classificados/#/schema/logo/image/"}}]}</script>
<!-- / Yoast SEO plugin. -->

Veíulo SEMI NOVO. Laudo cautelar aprovado, sem detalhes. Trazemos o carro até Teresópolis em negociações avançadas. Só trabalhamos com veículos com laudo cautelar aprovados.

Início

Veículos

Classificados Diário
